{"id":12,"date":"2022-08-25T12:04:29","date_gmt":"2022-08-25T12:04:29","guid":{"rendered":"https:\/\/elimfellowshipcongo.org\/?page_id=12"},"modified":"2025-06-09T23:19:42","modified_gmt":"2025-06-09T23:19:42","slug":"conference-avec-tim","status":"publish","type":"page","link":"https:\/\/elimfellowshipcongo.org\/?page_id=12","title":{"rendered":"QUI SOMMES-NOUS"},"content":{"rendered":"\n<p><\/p>\n\n\n\n<p class=\"has-text-align-left\"><strong><em>COMMUNAUTE ELIM PENTECOTE EVANGELIQUE EN AFRIQUE &#8211; RD CONGO<\/em><\/strong><\/p>\n\n\n\n<p><\/p>\n\n\n\n<h2 class=\"wp-block-heading\">VISION<\/h2>\n\n\n\n<p class=\"has-text-align-left\">Notre vision est de conna\u00eetre Christ et de le faire conna\u00eetre aux autres \u00e0 travers le monde.<\/p>\n\n\n\n<p><\/p>\n\n\n\n<p><\/p>\n\n\n\n<h2 class=\"wp-block-heading\">MISSION<\/h2>\n\n\n\n<p>Notre mission est de pr\u00eacher l&#8217;\u00e9vangile de J\u00e9sus-Christ \u00e0 travers le monde et de r\u00e9pondre aux besoins des autres spirituellement, socialement, \u00e9conomiquement, etc., selon l&#8217;\u00c9criture Mat. 28:18-20.<\/p>\n\n\n\n<p><\/p>\n\n\n\n<p><\/p>\n\n\n\n<h2 class=\"wp-block-heading\">VALEURS FONDAMENTALES<\/h2>\n\n\n\n<p>Nos valeurs fondamentales sont&nbsp;:<\/p>\n\n\n\n<ul class=\"wp-block-list\">\n<li>Centr\u00e9 sur Christ<\/li>\n\n\n\n<li>Leadership serviteur<\/li>\n\n\n\n<li>Int\u00e9grit\u00e9<\/li>\n\n\n\n<li>Intendance<\/li>\n\n\n\n<li>Relation<\/li>\n\n\n\n<li>Excellence<\/li>\n\n\n\n<li>Saine doctrine biblique<\/li>\n<\/ul>\n\n\n\n<p><\/p>\n\n\n\n<p><\/p>\n\n\n\n<h2 class=\"wp-block-heading\">OBJECTIFS<\/h2>\n\n\n\n<p>Nos objectifs sont&nbsp;:<\/p>\n\n\n\n<p>1. \u00e9vang\u00e9liser en ob\u00e9issance \u00e0 la grande commission de Christ selon les \u00e9critures, Marc 15:16 et Matthieu 28:18-20<\/p>\n\n\n\n<p>2. \u00c9tablir et maintenir des \u00e9glises jusqu&#8217;\u00e0 ce qu&#8217;elles deviennent matures, et unir ces \u00e9glises, \u00e0 la fois pionni\u00e8res et matures en une communaut\u00e9 unie.<\/p>\n\n\n\n<p>3. Autoriser et ordonner des candidats pour l\u2019\u0153uvre du minist\u00e8re de l&#8217;\u00e9vangile.<\/p>\n\n\n\n<p>4. \u00c9tablir et maintenir des \u00e9coles et des \u00e9coles bibliques.<\/p>\n\n\n\n<p>5. Publier et distribuer de la litt\u00e9rature religieuse.<\/p>\n\n\n\n<p>6. Cr\u00e9er et entretenir des orphelinats<\/p>\n\n\n\n<p>7. Cr\u00e9er et entretenir des dispensaires.<\/p>\n\n\n\n<p>8. Cr\u00e9er et entretenir des foyers pour les personnes \u00e2g\u00e9es, infirmes ou n\u00e9cessiteuses.<\/p>\n\n\n\n<p>9. Par l&#8217;interm\u00e9diaire de son conseil d&#8217;administration&nbsp;: acheter, g\u00e9rer, vendre, emprunter, charger et d\u00e9tenir des biens. Construire, ajouter, am\u00e9liorer et d\u00e9molir des b\u00e2timents sur la propri\u00e9t\u00e9 d\u00e9tenue par l\u2019association.<\/p>\n\n\n\n<p><\/p>\n\n\n\n<p><\/p>\n\n\n\n<h2 class=\"wp-block-heading\">DECLARATION DE FOI<\/h2>\n\n\n\n<p>1. &nbsp;Nous croyons que la Bible est la Parole Inspir\u00e9e et la seule Infaillible et faisant Autorit\u00e9 de Dieu. 2Pierre 1:21&nbsp;; 2 Tim 3:16-17<\/p>\n\n\n\n<p>2. Nous croyons que la Divinit\u00e9 se compose du P\u00e8re, du Fils et du Saint-Esprit. 2Cor.13:14. Trois dans un et un dans trois.<\/p>\n\n\n\n<p>3. Nous croyons en la divinit\u00e9 de J\u00e9sus-Christ, en sa naissance virginale, en sa mort expiatoire, en sa r\u00e9surrection corporelle, en son ascension \u00e0 la droite du P\u00e8re. 1Tim. 3:16&nbsp;; Rom 3:25-26.<\/p>\n\n\n\n<p>4. Nous croyons \u00e0 la ferveur et \u00e0 l&#8217;effort \u00e9vang\u00e9lique et missionnaire. Actes 1:8&nbsp;; Marc 16:15-18.<\/p>\n\n\n\n<p>5. Nous croyons au salut par le sang r\u00e9dempteur de J\u00e9sus-Christ. H\u00e9b. 9h22.<\/p>\n\n\n\n<p>6. Nous croyons en la puissance protectrice de Dieu et en une marche sainte, non selon la chair mais selon l&#8217;esprit. Jude24, 25&nbsp;; ROM. 8:4.<\/p>\n\n\n\n<p>7. Nous croyons au bapt\u00eame du Saint-Esprit selon Actes 2&nbsp;:4 ; 10&nbsp;:46&nbsp;; 19:6, et le minist\u00e8re actuel de l&#8217;esprit dans et \u00e0 travers la manifestation du croyant dans les minist\u00e8res, les dons et les fruits de l&#8217;esprit. \u00c9ph.4:11&nbsp;; 1Cor.12:8-11&nbsp;; Gal.5:22, 23.<\/p>\n\n\n\n<p>8. Nous croyons que la gu\u00e9rison divine est obtenue sur la base de l&#8217;expiation. 1Pierre 2:24.<\/p>\n\n\n\n<p>9. Nous croyons au retour corporel de Christ en puissance et en grande gloire. Actes 1:11&nbsp;; R\u00e9v. 20:4 ; Dan. 7h14.<\/p>\n\n\n\n<p>10. Nous croyons en la r\u00e9surrection des sauv\u00e9s et des perdus ; ceux qui sont sauv\u00e9s pour la r\u00e9surrection de la vie \u00e9ternelle et ceux qui sont perdus pour la r\u00e9surrection du ch\u00e2timent \u00e9ternel. Jean 5:28, 29 ; R\u00e9v. 20:15.<\/p>\n\n\n\n<p>11. Nous croyons au bapt\u00eame du croyant dans l&#8217;eau par immersion. Nous croyons qu&#8217;un tel bapt\u00eame est un t\u00e9moignage au monde d&#8217;un travail int\u00e9rieur de Gr\u00e2ce. Ceci est une confession de son exp\u00e9rience personnelle du salut. Nous ne consid\u00e9rons pas le bapt\u00eame qui a lieu avant l&#8217;exp\u00e9rience personnelle du salut de l&#8217;individu comme scripturaire.Mat.28:19; Marc 16:16; Actes 2:38&nbsp;; Actes 10:48&nbsp;; Actes 22:16&nbsp;; Rom. 6:3&nbsp;; 1Cor. 12:13&nbsp;; Gal3:27&nbsp;; Col 2:12&nbsp;; et 1Pierre 3:21. Exemples de bapt\u00eames de croyants: Actes 16:15; Actes 16:33&nbsp;; Actes 18:8&nbsp;; et Actes 19:5.<\/p>\n\n\n\n<p>12. Nous croyons au saint mariage. Nous croyons que l&#8217;enseignement scripturaire est celui de la monogamie. Nous croyons au caract\u00e8re sacr\u00e9 du mariage (union d&#8217;un homme et d&#8217;une femme dans l&#8217;engagement d&#8217;une alliance pour la vie)&nbsp;; c&#8217;est une institution sacr\u00e9e \u00e9tablie par Dieu.). Gen. 2:12&nbsp;; Mat 5:32&nbsp;; Mat 19:4-6 ; Marc 10:7-9&nbsp;; Rom 7:2&nbsp;; 1Cor. 7:10 et 11&nbsp;; 1Tim.3;12 et H\u00e9b.13;4. La puret\u00e9 sexuelle est une expression n\u00e9cessaire pour tous les enfants de Dieu et exige l&#8217;abstinence de l&#8217;adult\u00e8re, de la fornication, de l&#8217;inceste, de l&#8217;homosexualit\u00e9 ou d&#8217;autres relations ou pratiques sexuelles interdites par les \u00c9critures. (H\u00e9b. 13&nbsp;:4, I Cor. 6&nbsp;:18 ; L\u00e9v. 18&nbsp;:1-30).<\/p>\n\n\n\n<p>Nous croyons que puisque l&#8217;humanit\u00e9 est cr\u00e9\u00e9e \u00e0 l&#8217;image de Dieu, la vie humaine est d&#8217;une valeur et d&#8217;une signification inestimables dans toutes ses dimensions, de la conception \u00e0 la tombe. (Gen. 1:27 ; Psaume 139:13-14).<\/p>\n\n\n\n<p>13. Nous croyons \u00e0 la d\u00e9dicace des enfants. Nous croyons que les parents chr\u00e9tiens devraient consacrer leurs enfants au Seigneur. 1Sam 1:24-28&nbsp;; Marc 10:13-16.<\/p>\n\n\n\n<p>14. Nous croyons en la communion du repas du Seigneur. Mat. 26:26&nbsp;; Marc 14:22&nbsp;; Luc 22:19; 1Cor. 10:61 et 1Cor 11:23. <\/p>\n\n\n\n<p>15. Nous croyons en l&#8217;\u00c9glise en tant que communaut\u00e9 universelle du corps du Christ, s&#8217;exprimant dans les communaut\u00e9s locales et fonctionnant sous l&#8217;autorit\u00e9 de la Bible, en tant que parole de Dieu. Actes 4&nbsp;:32-37, 1Corinthiens 12&nbsp;:12-28 et \u00c9ph\u00e9siens 1&nbsp;:23.<\/p>\n\n\n\n<p><\/p>\n\n\n\n<p><\/p>\n\n\n\n<h2 class=\"wp-block-heading\">HISTORIQUE<\/h2>\n\n\n\n<p>L&#8217;\u00e9glise Elim fut commenc\u00e9e en R\u00e9publique d\u00e9mocratique du Congo en 1968 sous l&#8217;initiative du feu R\u00e9v\u00e9rend Prosper CIHIGA BIKUBA. Il d\u00e9c\u00e9da en 2008 et laissa l&#8217;\u00e9glise entre les mains des anciens de l&#8217;\u00e9glise dirig\u00e9e par le Pasteur Daniel \u00a0MATEMBERA NDAMWENGE Nestor qui, plus tard, en 2009, s&#8217; associa jusqu&#8217;en 2017 avec le R\u00e9v\u00e9rend John BARANYERETSE \u00e0 la t\u00eate d&#8217;une autre \u00e9glise Elim pentec\u00f4te parrain\u00e9e par l&#8217;\u00e9glise Elim du Rwanda. La premi\u00e8re \u00e9quipe unifi\u00e9e fut ordonn\u00e9e en 2011 par la d\u00e9l\u00e9gation de Elim Pentecostal Evangelistic Fellowship of Uganda (EPEFU).<\/p>\n\n\n\n<p>Cette unification fut pr\u00e9caire et connut des d\u00e9fis qui se sold\u00e8rent en scission. Un compromis de s\u00e9paration fut trouv\u00e9 devant la justice et les deux parties sign\u00e8rent un acte d\u2019engagement mettant fin aux poursuites et conflits entre les deux d\u00e9nominations distinctes.<\/p>\n\n\n\n<p>La Communaut\u00e9 Elim Pentec\u00f4te \u00c9vang\u00e9lique en Afrique-RD Congo (CEPEAC\/EPEFAC) a son autorisation de fonctionnement comme Association confessionnelle ind\u00e9pendante de droit congolais et est enregistr\u00e9e au Minist\u00e8re de la Justice et Garde des Sceaux comme telle. &nbsp;Elle est dirig\u00e9e par le Repr\u00e9sentant L\u00e9gal et Pr\u00e9sident Communautaire, Ev\u00eaque John GAKURU avec un comit\u00e9 qui constitue le Conseil d&#8217;Administration.<\/p>\n\n\n\n<p><\/p>\n","protected":false},"excerpt":{"rendered":"<p>COMMUNAUTE ELIM PENTECOTE EVANGELIQUE EN AFRIQUE &#8211; RD CONGO VISION Notre vision est de conna\u00eetre Christ et de le faire conna\u00eetre aux autres \u00e0 travers le monde. MISSION Notre mission est de pr\u00eacher l&#8217;\u00e9vangile de J\u00e9sus-Christ \u00e0 travers le monde et de r\u00e9pondre aux besoins des autres spirituellement, socialement, \u00e9conomiquement, etc., selon l&#8217;\u00c9criture Mat. 28:18-20. [&hellip;]<\/p>\n","protected":false},"author":1,"featured_media":0,"parent":0,"menu_order":0,"comment_status":"closed","ping_status":"closed","template":"","meta":{"footnotes":""},"class_list":["post-12","page","type-page","status-publish","hentry"],"_links":{"self":[{"href":"https:\/\/elimfellowshipcongo.org\/index.php?rest_route=\/wp\/v2\/pages\/12","targetHints":{"allow":["GET"]}}],"collection":[{"href":"https:\/\/elimfellowshipcongo.org\/index.php?rest_route=\/wp\/v2\/pages"}],"about":[{"href":"https:\/\/elimfellowshipcongo.org\/index.php?rest_route=\/wp\/v2\/types\/page"}],"author":[{"embeddable":true,"href":"https:\/\/elimfellowshipcongo.org\/index.php?rest_route=\/wp\/v2\/users\/1"}],"replies":[{"embeddable":true,"href":"https:\/\/elimfellowshipcongo.org\/index.php?rest_route=%2Fwp%2Fv2%2Fcomments&post=12"}],"version-history":[{"count":18,"href":"https:\/\/elimfellowshipcongo.org\/index.php?rest_route=\/wp\/v2\/pages\/12\/revisions"}],"predecessor-version":[{"id":607,"href":"https:\/\/elimfellowshipcongo.org\/index.php?rest_route=\/wp\/v2\/pages\/12\/revisions\/607"}],"wp:attachment":[{"href":"https:\/\/elimfellowshipcongo.org\/index.php?rest_route=%2Fwp%2Fv2%2Fmedia&parent=12"}],"curies":[{"name":"wp","href":"https:\/\/api.w.org\/{rel}","templated":true}]}}